{"id":11445,"date":"2021-08-01T13:26:06","date_gmt":"2021-08-01T11:26:06","guid":{"rendered":"https:\/\/zanrev.eu\/pipeline\/?page_id=11445"},"modified":"2025-08-12T15:12:32","modified_gmt":"2025-08-12T13:12:32","slug":"epaves-en-perdition","status":"publish","type":"page","link":"https:\/\/zanrev.eu\/pipeline\/epaves-en-perdition\/","title":{"rendered":"\u00c9paves en perdition !"},"content":{"rendered":"\n<p style=\"text-align: left;\">Au fil de mes balades, au d\u00e9tour d&rsquo;une lisi\u00e8re, en plein bois, sans chemin, il n&rsquo;est pas rare que je croise une carcasse de voiture abandonn\u00e9e. Je me demande si ce n&rsquo;est pas le respect du genre humain envers la Nature qui est en perdition.<\/p>\n\n\n\n<figure class=\"wp-block-image size-large\"><img loading=\"lazy\" decoding=\"async\" width=\"1024\" height=\"576\" src=\"https:\/\/zanrev.eu\/pipeline\/wp-content\/uploads\/2021\/08\/PXL_20210220_121956611-01-1024x576.jpg\" alt=\"\" class=\"wp-image-11448\" srcset=\"https:\/\/zanrev.eu\/pipeline\/wp-content\/uploads\/2021\/08\/PXL_20210220_121956611-01-1024x576.jpg 1024w, https:\/\/zanrev.eu\/pipeline\/wp-content\/uploads\/2021\/08\/PXL_20210220_121956611-01-300x169.jpg 300w, https:\/\/zanrev.eu\/pipeline\/wp-content\/uploads\/2021\/08\/PXL_20210220_121956611-01-768x432.jpg 768w, https:\/\/zanrev.eu\/pipeline\/wp-content\/uploads\/2021\/08\/PXL_20210220_121956611-01-1536x864.jpg 1536w, https:\/\/zanrev.eu\/pipeline\/wp-content\/uploads\/2021\/08\/PXL_20210220_121956611-01-2048x1152.jpg 2048w\" sizes=\"auto, (max-width: 1024px) 100vw, 1024px\" \/><figcaption class=\"wp-element-caption\"><em>Proche du col de Cornillon (38)<\/em><\/figcaption><\/figure>\n\n\n\n<figure class=\"wp-block-image size-large\"><img loading=\"lazy\" decoding=\"async\" width=\"1024\" height=\"576\" src=\"https:\/\/zanrev.eu\/pipeline\/wp-content\/uploads\/2021\/08\/PXL_20210329_110853235-1024x576.jpg\" alt=\"\" class=\"wp-image-11449\" srcset=\"https:\/\/zanrev.eu\/pipeline\/wp-content\/uploads\/2021\/08\/PXL_20210329_110853235-1024x576.jpg 1024w, https:\/\/zanrev.eu\/pipeline\/wp-content\/uploads\/2021\/08\/PXL_20210329_110853235-300x169.jpg 300w, https:\/\/zanrev.eu\/pipeline\/wp-content\/uploads\/2021\/08\/PXL_20210329_110853235-768x432.jpg 768w, https:\/\/zanrev.eu\/pipeline\/wp-content\/uploads\/2021\/08\/PXL_20210329_110853235-1536x864.jpg 1536w, https:\/\/zanrev.eu\/pipeline\/wp-content\/uploads\/2021\/08\/PXL_20210329_110853235-2048x1152.jpg 2048w\" sizes=\"auto, (max-width: 1024px) 100vw, 1024px\" \/><figcaption class=\"wp-element-caption\"><em>Renault Prairie au dessus de <\/em><em> Laragne-Mont\u00e9glin (05)<\/em><\/figcaption><\/figure>\n\n\n\n<figure class=\"wp-block-image size-large\"><img loading=\"lazy\" decoding=\"async\" width=\"1024\" height=\"586\" src=\"https:\/\/zanrev.eu\/pipeline\/wp-content\/uploads\/2021\/08\/PXL_20210310_124026507-1-1024x586.jpg\" alt=\"\" class=\"wp-image-11452\" srcset=\"https:\/\/zanrev.eu\/pipeline\/wp-content\/uploads\/2021\/08\/PXL_20210310_124026507-1-1024x586.jpg 1024w, https:\/\/zanrev.eu\/pipeline\/wp-content\/uploads\/2021\/08\/PXL_20210310_124026507-1-300x172.jpg 300w, https:\/\/zanrev.eu\/pipeline\/wp-content\/uploads\/2021\/08\/PXL_20210310_124026507-1-768x440.jpg 768w, https:\/\/zanrev.eu\/pipeline\/wp-content\/uploads\/2021\/08\/PXL_20210310_124026507-1.jpg 1200w\" sizes=\"auto, (max-width: 1024px) 100vw, 1024px\" \/><figcaption class=\"wp-element-caption\"><em>NSU aux environs de Pierre-Ch\u00e2tel (38)<\/em><\/figcaption><\/figure>\n\n\n\n<figure class=\"wp-block-image size-large\"><img loading=\"lazy\" decoding=\"async\" width=\"1024\" height=\"576\" src=\"https:\/\/zanrev.eu\/pipeline\/wp-content\/uploads\/2021\/08\/PXL_20210503_133801523-01-1024x576.jpeg\" alt=\"\" class=\"wp-image-11447\" srcset=\"https:\/\/zanrev.eu\/pipeline\/wp-content\/uploads\/2021\/08\/PXL_20210503_133801523-01-1024x576.jpeg 1024w, https:\/\/zanrev.eu\/pipeline\/wp-content\/uploads\/2021\/08\/PXL_20210503_133801523-01-300x169.jpeg 300w, https:\/\/zanrev.eu\/pipeline\/wp-content\/uploads\/2021\/08\/PXL_20210503_133801523-01-768x432.jpeg 768w, https:\/\/zanrev.eu\/pipeline\/wp-content\/uploads\/2021\/08\/PXL_20210503_133801523-01-1536x864.jpeg 1536w, https:\/\/zanrev.eu\/pipeline\/wp-content\/uploads\/2021\/08\/PXL_20210503_133801523-01-2048x1152.jpeg 2048w\" sizes=\"auto, (max-width: 1024px) 100vw, 1024px\" \/><figcaption class=\"wp-element-caption\"><em>Panhard Dyna dans les derniers mod\u00e8les ou PL17 en dessous de Chardeyre (38)<\/em><\/figcaption><\/figure>\n\n\n\n\n\n<figure class=\"wp-block-image size-large\"><img loading=\"lazy\" decoding=\"async\" width=\"1024\" height=\"576\" src=\"https:\/\/zanrev.eu\/pipeline\/wp-content\/uploads\/2021\/08\/PXL_20210509_115106628-01-1024x576.jpeg\" alt=\"\" class=\"wp-image-11450\" srcset=\"https:\/\/zanrev.eu\/pipeline\/wp-content\/uploads\/2021\/08\/PXL_20210509_115106628-01-1024x576.jpeg 1024w, https:\/\/zanrev.eu\/pipeline\/wp-content\/uploads\/2021\/08\/PXL_20210509_115106628-01-300x169.jpeg 300w, https:\/\/zanrev.eu\/pipeline\/wp-content\/uploads\/2021\/08\/PXL_20210509_115106628-01-768x432.jpeg 768w, https:\/\/zanrev.eu\/pipeline\/wp-content\/uploads\/2021\/08\/PXL_20210509_115106628-01-1536x864.jpeg 1536w, https:\/\/zanrev.eu\/pipeline\/wp-content\/uploads\/2021\/08\/PXL_20210509_115106628-01-2048x1152.jpeg 2048w\" sizes=\"auto, (max-width: 1024px) 100vw, 1024px\" \/><figcaption class=\"wp-element-caption\"><em>Une belle estafette au col de la Placette (38)<\/em><\/figcaption><\/figure>\n\n\n\n<figure class=\"wp-block-image size-large\"><img loading=\"lazy\" decoding=\"async\" width=\"1024\" height=\"576\" src=\"https:\/\/zanrev.eu\/pipeline\/wp-content\/uploads\/2021\/08\/PXL_20210527_095032444-01-1024x576.jpeg\" alt=\"\" class=\"wp-image-11451\" srcset=\"https:\/\/zanrev.eu\/pipeline\/wp-content\/uploads\/2021\/08\/PXL_20210527_095032444-01-1024x576.jpeg 1024w, https:\/\/zanrev.eu\/pipeline\/wp-content\/uploads\/2021\/08\/PXL_20210527_095032444-01-300x169.jpeg 300w, https:\/\/zanrev.eu\/pipeline\/wp-content\/uploads\/2021\/08\/PXL_20210527_095032444-01-768x432.jpeg 768w, https:\/\/zanrev.eu\/pipeline\/wp-content\/uploads\/2021\/08\/PXL_20210527_095032444-01-1536x864.jpeg 1536w, https:\/\/zanrev.eu\/pipeline\/wp-content\/uploads\/2021\/08\/PXL_20210527_095032444-01-2048x1152.jpeg 2048w\" sizes=\"auto, (max-width: 1024px) 100vw, 1024px\" \/><figcaption class=\"wp-element-caption\"><em>Une belle Peugeot 403 familiale pas loin du Grand Ratz (38)<\/em><\/figcaption><\/figure>\n\n\n\n<figure class=\"wp-block-image size-large\"><img loading=\"lazy\" decoding=\"async\" width=\"1024\" height=\"576\" src=\"https:\/\/zanrev.eu\/pipeline\/wp-content\/uploads\/2021\/08\/18643-11-1024x576.jpg\" alt=\"\" class=\"wp-image-11453\" srcset=\"https:\/\/zanrev.eu\/pipeline\/wp-content\/uploads\/2021\/08\/18643-11-1024x576.jpg 1024w, https:\/\/zanrev.eu\/pipeline\/wp-content\/uploads\/2021\/08\/18643-11-300x169.jpg 300w, https:\/\/zanrev.eu\/pipeline\/wp-content\/uploads\/2021\/08\/18643-11-768x432.jpg 768w, https:\/\/zanrev.eu\/pipeline\/wp-content\/uploads\/2021\/08\/18643-11.jpg 1200w\" sizes=\"auto, (max-width: 1024px) 100vw, 1024px\" \/><figcaption class=\"wp-element-caption\"><em>Au dessus de St Sauveur de Montagut (07)<\/em><\/figcaption><\/figure>\n\n\n\n<figure class=\"wp-block-image size-large\"><img loading=\"lazy\" decoding=\"async\" width=\"1024\" height=\"576\" src=\"https:\/\/zanrev.eu\/pipeline\/wp-content\/uploads\/2021\/08\/18696-18-1024x576.jpg\" alt=\"\" class=\"wp-image-11454\" srcset=\"https:\/\/zanrev.eu\/pipeline\/wp-content\/uploads\/2021\/08\/18696-18-1024x576.jpg 1024w, https:\/\/zanrev.eu\/pipeline\/wp-content\/uploads\/2021\/08\/18696-18-300x169.jpg 300w, https:\/\/zanrev.eu\/pipeline\/wp-content\/uploads\/2021\/08\/18696-18-768x432.jpg 768w, https:\/\/zanrev.eu\/pipeline\/wp-content\/uploads\/2021\/08\/18696-18.jpg 1200w\" sizes=\"auto, (max-width: 1024px) 100vw, 1024px\" \/><figcaption class=\"wp-element-caption\"><em>Bien gar\u00e9e \u00e0 Notre Dame de Commiers (38)<\/em><\/figcaption><\/figure>\n\n\n\n<figure class=\"wp-block-image size-large\"><img loading=\"lazy\" decoding=\"async\" width=\"1024\" height=\"576\" src=\"https:\/\/zanrev.eu\/pipeline\/wp-content\/uploads\/2021\/08\/18635-3-1024x576.jpg\" alt=\"\" class=\"wp-image-11609\" srcset=\"https:\/\/zanrev.eu\/pipeline\/wp-content\/uploads\/2021\/08\/18635-3-1024x576.jpg 1024w, https:\/\/zanrev.eu\/pipeline\/wp-content\/uploads\/2021\/08\/18635-3-300x169.jpg 300w, https:\/\/zanrev.eu\/pipeline\/wp-content\/uploads\/2021\/08\/18635-3-768x432.jpg 768w, https:\/\/zanrev.eu\/pipeline\/wp-content\/uploads\/2021\/08\/18635-3.jpg 1200w\" sizes=\"auto, (max-width: 1024px) 100vw, 1024px\" \/><figcaption class=\"wp-element-caption\"><em>Peugeot 204 en fond de ravin pr\u00e8s de Lagrand (05)<\/em><\/figcaption><\/figure>\n\n\n","protected":false},"excerpt":{"rendered":"<p>Au fil de mes balades, au d\u00e9tour d&rsquo;une lisi\u00e8re, en plein bois, sans chemin, il n&rsquo;est pas rare que je croise une carcasse de voiture abandonn\u00e9e. Je me demande si ce n&rsquo;est pas le respect du genre humain envers la Nature qui est en perdition.<\/p>\n","protected":false},"author":2,"featured_media":11475,"parent":0,"menu_order":0,"comment_status":"open","ping_status":"closed","template":"page-templates\/full-width-page.php","meta":{"footnotes":""},"class_list":["post-11445","page","type-page","status-publish","has-post-thumbnail","hentry"],"amp_enabled":false,"_links":{"self":[{"href":"https:\/\/zanrev.eu\/pipeline\/wp-json\/wp\/v2\/pages\/11445","targetHints":{"allow":["GET"]}}],"collection":[{"href":"https:\/\/zanrev.eu\/pipeline\/wp-json\/wp\/v2\/pages"}],"about":[{"href":"https:\/\/zanrev.eu\/pipeline\/wp-json\/wp\/v2\/types\/page"}],"author":[{"embeddable":true,"href":"https:\/\/zanrev.eu\/pipeline\/wp-json\/wp\/v2\/users\/2"}],"replies":[{"embeddable":true,"href":"https:\/\/zanrev.eu\/pipeline\/wp-json\/wp\/v2\/comments?post=11445"}],"version-history":[{"count":20,"href":"https:\/\/zanrev.eu\/pipeline\/wp-json\/wp\/v2\/pages\/11445\/revisions"}],"predecessor-version":[{"id":14904,"href":"https:\/\/zanrev.eu\/pipeline\/wp-json\/wp\/v2\/pages\/11445\/revisions\/14904"}],"wp:featuredmedia":[{"embeddable":true,"href":"https:\/\/zanrev.eu\/pipeline\/wp-json\/wp\/v2\/media\/11475"}],"wp:attachment":[{"href":"https:\/\/zanrev.eu\/pipeline\/wp-json\/wp\/v2\/media?parent=11445"}],"curies":[{"name":"wp","href":"https:\/\/api.w.org\/{rel}","templated":true}]}}

Épaves en perdition !

<p style="text-align: left;">Au fil de mes balades, au détour d&rsquo;une lisière, en plein bois, sans chemin, il n&rsquo;est pas rare que je croise une carcasse de voiture abandonnée. Je me demande si ce n&rsquo;est pas le respect du genre humain envers la Nature qui est en perdition.</p>



<figure class="wp-block-image size-large"><img loading="lazy" decoding="async" width="1024" height="576" src="https://zanrev.eu/pipeline/wp-content/uploads/2021/08/PXL_20210220_121956611-01-1024x576.jpg" alt="" class="wp-image-11448" srcset="https://zanrev.eu/pipeline/wp-content/uploads/2021/08/PXL_20210220_121956611-01-1024x576.jpg 1024w, https://zanrev.eu/pipeline/wp-content/uploads/2021/08/PXL_20210220_121956611-01-300x169.jpg 300w, https://zanrev.eu/pipeline/wp-content/uploads/2021/08/PXL_20210220_121956611-01-768x432.jpg 768w, https://zanrev.eu/pipeline/wp-content/uploads/2021/08/PXL_20210220_121956611-01-1536x864.jpg 1536w, https://zanrev.eu/pipeline/wp-content/uploads/2021/08/PXL_20210220_121956611-01-2048x1152.jpg 2048w" sizes="auto, (max-width: 1024px) 100vw, 1024px" /><figcaption class="wp-element-caption"><em>Proche du col de Cornillon (38)</em></figcaption></figure>



<figure class="wp-block-image size-large"><img loading="lazy" decoding="async" width="1024" height="576" src="https://zanrev.eu/pipeline/wp-content/uploads/2021/08/PXL_20210329_110853235-1024x576.jpg" alt="" class="wp-image-11449" srcset="https://zanrev.eu/pipeline/wp-content/uploads/2021/08/PXL_20210329_110853235-1024x576.jpg 1024w, https://zanrev.eu/pipeline/wp-content/uploads/2021/08/PXL_20210329_110853235-300x169.jpg 300w, https://zanrev.eu/pipeline/wp-content/uploads/2021/08/PXL_20210329_110853235-768x432.jpg 768w, https://zanrev.eu/pipeline/wp-content/uploads/2021/08/PXL_20210329_110853235-1536x864.jpg 1536w, https://zanrev.eu/pipeline/wp-content/uploads/2021/08/PXL_20210329_110853235-2048x1152.jpg 2048w" sizes="auto, (max-width: 1024px) 100vw, 1024px" /><figcaption class="wp-element-caption"><em>Renault Prairie au dessus de </em><em> Laragne-Montéglin (05)</em></figcaption></figure>



<figure class="wp-block-image size-large"><img loading="lazy" decoding="async" width="1024" height="586" src="https://zanrev.eu/pipeline/wp-content/uploads/2021/08/PXL_20210310_124026507-1-1024x586.jpg" alt="" class="wp-image-11452" srcset="https://zanrev.eu/pipeline/wp-content/uploads/2021/08/PXL_20210310_124026507-1-1024x586.jpg 1024w, https://zanrev.eu/pipeline/wp-content/uploads/2021/08/PXL_20210310_124026507-1-300x172.jpg 300w, https://zanrev.eu/pipeline/wp-content/uploads/2021/08/PXL_20210310_124026507-1-768x440.jpg 768w, https://zanrev.eu/pipeline/wp-content/uploads/2021/08/PXL_20210310_124026507-1.jpg 1200w" sizes="auto, (max-width: 1024px) 100vw, 1024px" /><figcaption class="wp-element-caption"><em>NSU aux environs de Pierre-Châtel (38)</em></figcaption></figure>



<figure class="wp-block-image size-large"><img loading="lazy" decoding="async" width="1024" height="576" src="https://zanrev.eu/pipeline/wp-content/uploads/2021/08/PXL_20210503_133801523-01-1024x576.jpeg" alt="" class="wp-image-11447" srcset="https://zanrev.eu/pipeline/wp-content/uploads/2021/08/PXL_20210503_133801523-01-1024x576.jpeg 1024w, https://zanrev.eu/pipeline/wp-content/uploads/2021/08/PXL_20210503_133801523-01-300x169.jpeg 300w, https://zanrev.eu/pipeline/wp-content/uploads/2021/08/PXL_20210503_133801523-01-768x432.jpeg 768w, https://zanrev.eu/pipeline/wp-content/uploads/2021/08/PXL_20210503_133801523-01-1536x864.jpeg 1536w, https://zanrev.eu/pipeline/wp-content/uploads/2021/08/PXL_20210503_133801523-01-2048x1152.jpeg 2048w" sizes="auto, (max-width: 1024px) 100vw, 1024px" /><figcaption class="wp-element-caption"><em>Panhard Dyna dans les derniers modèles ou PL17 en dessous de Chardeyre (38)</em></figcaption></figure>





<figure class="wp-block-image size-large"><img loading="lazy" decoding="async" width="1024" height="576" src="https://zanrev.eu/pipeline/wp-content/uploads/2021/08/PXL_20210509_115106628-01-1024x576.jpeg" alt="" class="wp-image-11450" srcset="https://zanrev.eu/pipeline/wp-content/uploads/2021/08/PXL_20210509_115106628-01-1024x576.jpeg 1024w, https://zanrev.eu/pipeline/wp-content/uploads/2021/08/PXL_20210509_115106628-01-300x169.jpeg 300w, https://zanrev.eu/pipeline/wp-content/uploads/2021/08/PXL_20210509_115106628-01-768x432.jpeg 768w, https://zanrev.eu/pipeline/wp-content/uploads/2021/08/PXL_20210509_115106628-01-1536x864.jpeg 1536w, https://zanrev.eu/pipeline/wp-content/uploads/2021/08/PXL_20210509_115106628-01-2048x1152.jpeg 2048w" sizes="auto, (max-width: 1024px) 100vw, 1024px" /><figcaption class="wp-element-caption"><em>Une belle estafette au col de la Placette (38)</em></figcaption></figure>



<figure class="wp-block-image size-large"><img loading="lazy" decoding="async" width="1024" height="576" src="https://zanrev.eu/pipeline/wp-content/uploads/2021/08/PXL_20210527_095032444-01-1024x576.jpeg" alt="" class="wp-image-11451" srcset="https://zanrev.eu/pipeline/wp-content/uploads/2021/08/PXL_20210527_095032444-01-1024x576.jpeg 1024w, https://zanrev.eu/pipeline/wp-content/uploads/2021/08/PXL_20210527_095032444-01-300x169.jpeg 300w, https://zanrev.eu/pipeline/wp-content/uploads/2021/08/PXL_20210527_095032444-01-768x432.jpeg 768w, https://zanrev.eu/pipeline/wp-content/uploads/2021/08/PXL_20210527_095032444-01-1536x864.jpeg 1536w, https://zanrev.eu/pipeline/wp-content/uploads/2021/08/PXL_20210527_095032444-01-2048x1152.jpeg 2048w" sizes="auto, (max-width: 1024px) 100vw, 1024px" /><figcaption class="wp-element-caption"><em>Une belle Peugeot 403 familiale pas loin du Grand Ratz (38)</em></figcaption></figure>



<figure class="wp-block-image size-large"><img loading="lazy" decoding="async" width="1024" height="576" src="https://zanrev.eu/pipeline/wp-content/uploads/2021/08/18643-11-1024x576.jpg" alt="" class="wp-image-11453" srcset="https://zanrev.eu/pipeline/wp-content/uploads/2021/08/18643-11-1024x576.jpg 1024w, https://zanrev.eu/pipeline/wp-content/uploads/2021/08/18643-11-300x169.jpg 300w, https://zanrev.eu/pipeline/wp-content/uploads/2021/08/18643-11-768x432.jpg 768w, https://zanrev.eu/pipeline/wp-content/uploads/2021/08/18643-11.jpg 1200w" sizes="auto, (max-width: 1024px) 100vw, 1024px" /><figcaption class="wp-element-caption"><em>Au dessus de St Sauveur de Montagut (07)</em></figcaption></figure>



<figure class="wp-block-image size-large"><img loading="lazy" decoding="async" width="1024" height="576" src="https://zanrev.eu/pipeline/wp-content/uploads/2021/08/18696-18-1024x576.jpg" alt="" class="wp-image-11454" srcset="https://zanrev.eu/pipeline/wp-content/uploads/2021/08/18696-18-1024x576.jpg 1024w, https://zanrev.eu/pipeline/wp-content/uploads/2021/08/18696-18-300x169.jpg 300w, https://zanrev.eu/pipeline/wp-content/uploads/2021/08/18696-18-768x432.jpg 768w, https://zanrev.eu/pipeline/wp-content/uploads/2021/08/18696-18.jpg 1200w" sizes="auto, (max-width: 1024px) 100vw, 1024px" /><figcaption class="wp-element-caption"><em>Bien garée à Notre Dame de Commiers (38)</em></figcaption></figure>



<figure class="wp-block-image size-large"><img loading="lazy" decoding="async" width="1024" height="576" src="https://zanrev.eu/pipeline/wp-content/uploads/2021/08/18635-3-1024x576.jpg" alt="" class="wp-image-11609" srcset="https://zanrev.eu/pipeline/wp-content/uploads/2021/08/18635-3-1024x576.jpg 1024w, https://zanrev.eu/pipeline/wp-content/uploads/2021/08/18635-3-300x169.jpg 300w, https://zanrev.eu/pipeline/wp-content/uploads/2021/08/18635-3-768x432.jpg 768w, https://zanrev.eu/pipeline/wp-content/uploads/2021/08/18635-3.jpg 1200w" sizes="auto, (max-width: 1024px) 100vw, 1024px" /><figcaption class="wp-element-caption"><em>Peugeot 204 en fond de ravin près de Lagrand (05)</em></figcaption></figure>

<p>Au fil de mes balades, au détour d&rsquo;une lisière, en plein bois, sans chemin, il n&rsquo;est pas rare que je croise une carcasse de voiture abandonnée. Je me demande si ce n&rsquo;est pas le respect du genre humain envers la Nature qui est en perdition.</p>
